{"id":2688,"date":"2025-10-12T15:53:46","date_gmt":"2025-10-12T15:53:46","guid":{"rendered":"https:\/\/www.gmartravelytours.pe\/g1\/?page_id=2688"},"modified":"2025-10-13T01:09:51","modified_gmt":"2025-10-13T01:09:51","slug":"cajamarca-centro-arqueologico-de-cumbemayo","status":"publish","type":"page","link":"https:\/\/www.gmartravelytours.pe\/g1\/cajamarca-centro-arqueologico-de-cumbemayo\/","title":{"rendered":"Cajamarca Centro Arqueol\u00f3gico de Cumbemayo"},"content":{"rendered":"\t\t<div data-elementor-type=\"wp-page\" data-elementor-id=\"2688\" class=\"elementor elementor-2688\" data-elementor-post-type=\"page\">\n\t\t\t\t<div class=\"elementor-element elementor-element-59eb9ae e-flex e-con-boxed e-con e-parent\" data-id=\"59eb9ae\" data-element_type=\"container\" data-settings=\"{&quot;background_background&quot;:&quot;classic&quot;}\">\n\t\t\t\t\t<div class=\"e-con-inner\">\n\t\t<div class=\"elementor-element elementor-element-fde2609 e-con-full e-flex e-con e-child\" data-id=\"fde2609\" data-element_type=\"container\" data-settings=\"{&quot;background_background&quot;:&quot;classic&quot;}\">\n\t\t\t\t<div class=\"elementor-element elementor-element-da2453b elementor-widget elementor-widget-heading\" data-id=\"da2453b\" data-element_type=\"widget\" data-widget_type=\"heading.default\">\n\t\t\t\t<div class=\"elementor-widget-container\">\n\t\t\t\t\t<h2 class=\"elementor-heading-title elementor-size-default\">Centro Arqueol\u00f3gico de Cumbemayo<\/h2>\t\t\t\t<\/div>\n\t\t\t\t<\/div>\n\t\t\t\t<div class=\"elementor-element elementor-element-f69de34 elementor-widget elementor-widget-text-editor\" data-id=\"f69de34\" data-element_type=\"widget\" data-widget_type=\"text-editor.default\">\n\t\t\t\t<div class=\"elementor-widget-container\">\n\t\t\t\t\t\t\t\t\t<p><span data-huuid=\"3895837142944185657\">Cumbemayo es un\u00a0<mark class=\"QVRyCf\">complejo arqueol\u00f3gico cerca de Cajamarca, Per\u00fa, famoso por su acueducto preincaico de ingenier\u00eda hidr\u00e1ulica y formaciones rocosas erosionadas como el \u00abbosque de piedras\u00bb o \u00abLos Frailones\u00bb<\/mark>.\u00a0<\/span><span data-huuid=\"3895837142944186088\">Se encuentra a unos 19 km al suroeste de la ciudad, a aproximadamente 3,500 msnm.\u00a0<\/span><span data-huuid=\"3895837142944182423\">Es un importante sitio arqueol\u00f3gico con petroglifos, santuarios y una cueva.<span class=\"pjBG2e\" data-cid=\"6f741ae8-eaa4-41c0-b000-ca416ef5dc0a\"><span class=\"UV3uM\">\u00a0<\/span><\/span><\/span><\/p>\t\t\t\t\t\t\t\t<\/div>\n\t\t\t\t<\/div>\n\t\t\t\t<\/div>\n\t\t\t\t\t<\/div>\n\t\t\t\t<\/div>\n\t\t<div class=\"elementor-element elementor-element-4376d60 e-flex e-con-boxed e-con e-parent\" data-id=\"4376d60\" data-element_type=\"container\">\n\t\t\t\t\t<div class=\"e-con-inner\">\n\t\t<div class=\"elementor-element elementor-element-7b1cc17 e-con-full e-flex e-con e-child\" data-id=\"7b1cc17\" data-element_type=\"container\">\n\t\t\t\t<div class=\"elementor-element elementor-element-af8669b elementor-widget elementor-widget-text-editor\" data-id=\"af8669b\" data-element_type=\"widget\" data-widget_type=\"text-editor.default\">\n\t\t\t\t<div class=\"elementor-widget-container\">\n\t\t\t\t\t\t\t\t\t<p><b><img decoding=\"async\" class=\"emoji\" role=\"img\" draggable=\"false\" src=\"https:\/\/s.w.org\/images\/core\/emoji\/16.0.1\/svg\/1f5fa.svg\" alt=\"\ud83d\uddfa\ufe0f\" title=\"Cajamarca Centro Arqueol\u00f3gico de Cumbemayo\"> Itinerario: Paseo a Cumbemayo (Medio D\u00eda)<\/b><\/p><p><b>\u00a0<\/b><\/p><p><!--StartFragment --><\/p><p><img decoding=\"async\" class=\"emoji\" role=\"img\" draggable=\"false\" src=\"https:\/\/s.w.org\/images\/core\/emoji\/16.0.1\/svg\/1f3d4.svg\" alt=\"\ud83c\udfd4\ufe0f\" title=\"Cajamarca Centro Arqueol\u00f3gico de Cumbemayo\"> <b>Rese\u00f1a: Cumbemayo, maravilla tallada por el tiempo<\/b><\/p><p>Ubicado a m\u00e1s de 3,500 metros sobre el nivel del mar, <strong>Cumbemayo<\/strong> es uno de los tesoros arqueol\u00f3gicos y naturales m\u00e1s fascinantes de Cajamarca. Su nombre proviene del quechua <em>\u201cKumpi Mayu\u201d<\/em>, que significa \u201ccanal bien hecho\u201d, en referencia al impresionante acueducto preincaico tallado en roca volc\u00e1nica.<\/p><p>Este lugar combina misticismo, historia y paisajes surrealistas. El famoso <strong>bosque de piedras<\/strong>, tambi\u00e9n conocido como <em>Los Frailones<\/em>, parece una procesi\u00f3n p\u00e9trea que custodia los secretos de antiguas civilizaciones. Cumbemayo es ideal para quienes buscan conectar con la naturaleza, la cultura ancestral y la energ\u00eda de los Andes.<\/p><p><!--EndFragment --><\/p><p><img decoding=\"async\" class=\"emoji\" role=\"img\" draggable=\"false\" src=\"https:\/\/s.w.org\/images\/core\/emoji\/16.0.1\/svg\/1f558.svg\" alt=\"\ud83d\udd58\" title=\"Cajamarca Centro Arqueol\u00f3gico de Cumbemayo\"> <strong>9:00 a.m. \u2013 Recojo en el hotel<\/strong><\/p><ul><li>Punto de partida: Cajamarca ciudad<\/li><li>Transporte tur\u00edstico en minivan<\/li><li>Breve introducci\u00f3n del gu\u00eda biling\u00fce (espa\u00f1ol \u2013 ingl\u00e9s)<\/li><\/ul><p><img decoding=\"async\" class=\"emoji\" role=\"img\" draggable=\"false\" src=\"https:\/\/s.w.org\/images\/core\/emoji\/16.0.1\/svg\/1f3de.svg\" alt=\"\ud83c\udfde\ufe0f\" title=\"Cajamarca Centro Arqueol\u00f3gico de Cumbemayo\"> <strong>9:45 a.m. \u2013 Llegada a Cumbemayo<\/strong><\/p><ul><li>Altura aproximada: 3,500 m s.n.m.<\/li><li>Clima fresco, llevar ropa ligera y cortavientos<\/li><\/ul><p><img decoding=\"async\" class=\"emoji\" role=\"img\" draggable=\"false\" src=\"https:\/\/s.w.org\/images\/core\/emoji\/16.0.1\/svg\/1f9ed.svg\" alt=\"\ud83e\udded\" title=\"Cajamarca Centro Arqueol\u00f3gico de Cumbemayo\"> <strong>10:00 a.m. \u2013 Recorrido guiado<\/strong><\/p><p><strong>Lugares a visitar:<\/strong><\/p><ul><li><strong>Bosque de piedras<\/strong> (\u201cLos Frailones\u201d)<br \/>Formaciones geol\u00f3gicas \u00fanicas que parecen monjes en procesi\u00f3n<\/li><li><strong>Canal preincaico<\/strong><br \/>Obra de ingenier\u00eda hidr\u00e1ulica tallada en roca volc\u00e1nica<\/li><li><strong>Petroglifos y altares ceremoniales<\/strong><br \/>Figuras ancestrales con significado a\u00fan en estudio<\/li><\/ul><p><img decoding=\"async\" class=\"emoji\" role=\"img\" draggable=\"false\" src=\"https:\/\/s.w.org\/images\/core\/emoji\/16.0.1\/svg\/1f4f8.svg\" alt=\"\ud83d\udcf8\" title=\"Cajamarca Centro Arqueol\u00f3gico de Cumbemayo\"> <strong>11:30 a.m. \u2013 Tiempo libre para fotos y exploraci\u00f3n<\/strong><\/p><ul><li>Recomendado: c\u00e1mara, botella de agua, protector solar<\/li><li>Oportunidad para comprar artesan\u00eda local<\/li><\/ul><p><img decoding=\"async\" class=\"emoji\" role=\"img\" draggable=\"false\" src=\"https:\/\/s.w.org\/images\/core\/emoji\/16.0.1\/svg\/1f68c.svg\" alt=\"\ud83d\ude8c\" title=\"Cajamarca Centro Arqueol\u00f3gico de Cumbemayo\"> <strong>12:15 p.m. \u2013 Retorno a Cajamarca<\/strong><\/p><ul><li>Regreso en transporte tur\u00edstico<\/li><li>Vista panor\u00e1mica del valle cajamarquino<\/li><\/ul><p><img decoding=\"async\" class=\"emoji\" role=\"img\" draggable=\"false\" src=\"https:\/\/s.w.org\/images\/core\/emoji\/16.0.1\/svg\/1f37d.svg\" alt=\"\ud83c\udf7d\ufe0f\" title=\"Cajamarca Centro Arqueol\u00f3gico de Cumbemayo\"> <strong>1:00 p.m. \u2013 Fin del tour (opcional almuerzo local)<\/strong><\/p><ul><li>Puedes incluir un almuerzo buffet en restaurante t\u00edpico cajamarquino<\/li><\/ul><p><img decoding=\"async\" class=\"emoji\" role=\"img\" draggable=\"false\" src=\"https:\/\/s.w.org\/images\/core\/emoji\/16.0.1\/svg\/1f392.svg\" alt=\"\ud83c\udf92\" title=\"Cajamarca Centro Arqueol\u00f3gico de Cumbemayo\"> Recomendaciones:<\/p><ul><li>Mochila ligera con agua, snacks, documento de identidad<\/li><li>Ropa c\u00f3moda, cortavientos, calzado para caminatas<\/li><li>Sombrero, gafas de sol, protector solar<\/li><li>Dinero en efectivo para entradas o compras<\/li><\/ul><p><!--EndFragment --><\/p>\t\t\t\t\t\t\t\t<\/div>\n\t\t\t\t<\/div>\n\t\t\t\t<\/div>\n\t\t<div class=\"elementor-element elementor-element-12ca9e5 e-con-full e-flex e-con e-child\" data-id=\"12ca9e5\" data-element_type=\"container\" data-settings=\"{&quot;sticky&quot;:&quot;top&quot;,&quot;sticky_on&quot;:[&quot;desktop&quot;,&quot;tablet&quot;,&quot;mobile&quot;],&quot;sticky_offset&quot;:0,&quot;sticky_effects_offset&quot;:0,&quot;sticky_anchor_link_offset&quot;:0}\">\n\t\t\t\t<div class=\"elementor-element elementor-element-65ffac6 elementor-widget elementor-widget-html\" data-id=\"65ffac6\" data-element_type=\"widget\" data-widget_type=\"html.default\">\n\t\t\t\t<div class=\"elementor-widget-container\">\n\t\t\t\t\t<iframe src=\"https:\/\/www.gmartravelytours.pe\/g1\/formulario\/\" title=\"Descripci\u00f3n del contenido\" width=\"100%\" height=\"600\"><\/iframe>\n\n\t\t\t\t<\/div>\n\t\t\t\t<\/div>\n\t\t\t\t<div class=\"elementor-element elementor-element-e742798 elementor-widget elementor-widget-image\" data-id=\"e742798\" data-element_type=\"widget\" data-widget_type=\"image.default\">\n\t\t\t\t<div class=\"elementor-widget-container\">\n\t\t\t\t\t\t\t\t\t\t\t\t\t\t\t\t<a href=\"https:\/\/www.gmartravelytours.pe\/g1\/cajamarca\/\">\n\t\t\t\t\t\t\t<img decoding=\"async\" width=\"70\" height=\"75\" src=\"https:\/\/www.gmartravelytours.pe\/g1\/wp-content\/uploads\/2025\/10\/Flecha-retorno2.jpg\" class=\"attachment-large size-large wp-image-2621\" alt=\"flecha retorno2\" title=\"Cajamarca Centro Arqueol\u00f3gico de Cumbemayo\">\t\t\t\t\t\t\t\t<\/a>\n\t\t\t\t\t\t\t\t\t\t\t\t\t\t\t<\/div>\n\t\t\t\t<\/div>\n\t\t\t\t<\/div>\n\t\t\t\t\t<\/div>\n\t\t\t\t<\/div>\n\t\t\t\t<\/div>\n\t\t","protected":false},"excerpt":{"rendered":"<p>Centro Arqueol\u00f3gico de Cumbemayo Cumbemayo es un\u00a0complejo arqueol\u00f3gico cerca de Cajamarca, Per\u00fa, famoso por su acueducto preincaico de ingenier\u00eda hidr\u00e1ulica y formaciones rocosas erosionadas como el \u00abbosque de piedras\u00bb o \u00abLos Frailones\u00bb.\u00a0Se encuentra a unos 19 km al suroeste de la ciudad, a aproximadamente 3,500 msnm.\u00a0Es un importante sitio arqueol\u00f3gico con petroglifos, santuarios y una [&hellip;]<\/p>\n","protected":false},"author":1,"featured_media":0,"parent":0,"menu_order":0,"comment_status":"closed","ping_status":"closed","template":"elementor_header_footer","meta":{"site-sidebar-layout":"no-sidebar","site-content-layout":"page-builder","ast-site-content-layout":"full-width-container","site-content-style":"default","site-sidebar-style":"default","ast-global-header-display":"","ast-banner-title-visibility":"","ast-main-header-display":"","ast-hfb-above-header-display":"","ast-hfb-below-header-display":"","ast-hfb-mobile-header-display":"","site-post-title":"","ast-breadcrumbs-content":"","ast-featured-img":"disabled","footer-sml-layout":"","theme-transparent-header-meta":"","adv-header-id-meta":"","stick-header-meta":"","header-above-stick-meta":"","header-main-stick-meta":"","header-below-stick-meta":"","astra-migrate-meta-layouts":"set","ast-page-background-enabled":"default","ast-page-background-meta":{"desktop":{"background-color":"var(--ast-global-color-4)","background-image":"","background-repeat":"repeat","background-position":"center center","background-size":"auto","background-attachment":"scroll","background-type":"","background-media":"","overlay-type":"","overlay-color":"","overlay-opacity":"","overlay-gradient":""},"tablet":{"background-color":"","background-image":"","background-repeat":"repeat","background-position":"center center","background-size":"auto","background-attachment":"scroll","background-type":"","background-media":"","overlay-type":"","overlay-color":"","overlay-opacity":"","overlay-gradient":""},"mobile":{"background-color":"","background-image":"","background-repeat":"repeat","background-position":"center center","background-size":"auto","background-attachment":"scroll","background-type":"","background-media":"","overlay-type":"","overlay-color":"","overlay-opacity":"","overlay-gradient":""}},"ast-content-background-meta":{"desktop":{"background-color":"var(--ast-global-color-5)","background-image":"","background-repeat":"repeat","background-position":"center center","background-size":"auto","background-attachment":"scroll","background-type":"","background-media":"","overlay-type":"","overlay-color":"","overlay-opacity":"","overlay-gradient":""},"tablet":{"background-color":"var(--ast-global-color-5)","background-image":"","background-repeat":"repeat","background-position":"center center","background-size":"auto","background-attachment":"scroll","background-type":"","background-media":"","overlay-type":"","overlay-color":"","overlay-opacity":"","overlay-gradient":""},"mobile":{"background-color":"var(--ast-global-color-5)","background-image":"","background-repeat":"repeat","background-position":"center center","background-size":"auto","background-attachment":"scroll","background-type":"","background-media":"","overlay-type":"","overlay-color":"","overlay-opacity":"","overlay-gradient":""}},"footnotes":""},"class_list":["post-2688","page","type-page","status-publish","hentry"],"_links":{"self":[{"href":"https:\/\/www.gmartravelytours.pe\/g1\/wp-json\/wp\/v2\/pages\/2688","targetHints":{"allow":["GET"]}}],"collection":[{"href":"https:\/\/www.gmartravelytours.pe\/g1\/wp-json\/wp\/v2\/pages"}],"about":[{"href":"https:\/\/www.gmartravelytours.pe\/g1\/wp-json\/wp\/v2\/types\/page"}],"author":[{"embeddable":true,"href":"https:\/\/www.gmartravelytours.pe\/g1\/wp-json\/wp\/v2\/users\/1"}],"replies":[{"embeddable":true,"href":"https:\/\/www.gmartravelytours.pe\/g1\/wp-json\/wp\/v2\/comments?post=2688"}],"version-history":[{"count":35,"href":"https:\/\/www.gmartravelytours.pe\/g1\/wp-json\/wp\/v2\/pages\/2688\/revisions"}],"predecessor-version":[{"id":2763,"href":"https:\/\/www.gmartravelytours.pe\/g1\/wp-json\/wp\/v2\/pages\/2688\/revisions\/2763"}],"wp:attachment":[{"href":"https:\/\/www.gmartravelytours.pe\/g1\/wp-json\/wp\/v2\/media?parent=2688"}],"curies":[{"name":"wp","href":"https:\/\/api.w.org\/{rel}","templated":true}]}}