{"id":2607,"date":"2025-10-11T21:58:26","date_gmt":"2025-10-11T21:58:26","guid":{"rendered":"https:\/\/www.gmartravelytours.pe\/g1\/?page_id=2607"},"modified":"2025-10-11T22:22:17","modified_gmt":"2025-10-11T22:22:17","slug":"cusco-machupicchu-hiram-bingham-full-day","status":"publish","type":"page","link":"https:\/\/www.gmartravelytours.pe\/g1\/cusco-machupicchu-hiram-bingham-full-day\/","title":{"rendered":"Cusco Machupicchu Hiram Bingham Full Day"},"content":{"rendered":"\t\t<div data-elementor-type=\"wp-page\" data-elementor-id=\"2607\" class=\"elementor elementor-2607\" data-elementor-post-type=\"page\">\n\t\t\t\t<div class=\"elementor-element elementor-element-59eb9ae e-flex e-con-boxed e-con e-parent\" data-id=\"59eb9ae\" data-element_type=\"container\" data-settings=\"{&quot;background_background&quot;:&quot;classic&quot;}\">\n\t\t\t\t\t<div class=\"e-con-inner\">\n\t\t<div class=\"elementor-element elementor-element-fde2609 e-con-full e-flex e-con e-child\" data-id=\"fde2609\" data-element_type=\"container\" data-settings=\"{&quot;background_background&quot;:&quot;classic&quot;}\">\n\t\t\t\t<div class=\"elementor-element elementor-element-da2453b elementor-widget elementor-widget-heading\" data-id=\"da2453b\" data-element_type=\"widget\" data-widget_type=\"heading.default\">\n\t\t\t\t<div class=\"elementor-widget-container\">\n\t\t\t\t\t<h2 class=\"elementor-heading-title elementor-size-default\">Machupicchu  Tren Hiram Bingham Full Day<\/h2>\t\t\t\t<\/div>\n\t\t\t\t<\/div>\n\t\t\t\t<div class=\"elementor-element elementor-element-f69de34 elementor-widget elementor-widget-text-editor\" data-id=\"f69de34\" data-element_type=\"widget\" data-widget_type=\"text-editor.default\">\n\t\t\t\t<div class=\"elementor-widget-container\">\n\t\t\t\t\t\t\t\t\t<div class=\"Y3BBE\" data-sfc-cp=\"\" data-hveid=\"CAIQAA\" data-processed=\"true\" data-complete=\"true\">El tour de d\u00eda completo a Machu Picchu en el tren de lujo Hiram Bingham es una experiencia exclusiva que combina un viaje panor\u00e1mico en un tren de estilo cl\u00e1sico con una visita guiada a la ciudadela inca. El servicio, operado por Belmond y PeruRail, destaca por su atenci\u00f3n personalizada y los detalles de lujo en cada etapa del trayecto.<\/div>\t\t\t\t\t\t\t\t<\/div>\n\t\t\t\t<\/div>\n\t\t\t\t<\/div>\n\t\t\t\t\t<\/div>\n\t\t\t\t<\/div>\n\t\t<div class=\"elementor-element elementor-element-109bcfb e-flex e-con-boxed e-con e-parent\" data-id=\"109bcfb\" data-element_type=\"container\">\n\t\t\t\t\t<div class=\"e-con-inner\">\n\t\t\t\t<div class=\"elementor-element elementor-element-cbe8b32 elementor-widget elementor-widget-text-editor\" data-id=\"cbe8b32\" data-element_type=\"widget\" data-widget_type=\"text-editor.default\">\n\t\t\t\t<div class=\"elementor-widget-container\">\n\t\t\t\t\t\t\t\t\t<p>\ud83d\udccd <b>Lugares a visitar:<\/b><\/p><ul><li>Machupicchu<\/li><li>Aguas Calientes<\/li><\/ul><div>\ud83d\uddff <b>Modalidad de turismo<\/b><\/div><ul><li>Cultural &#8211; Historia<\/li><\/ul><p>\ud83d\udccf <b>Altura por punto de visita (msnm)<\/b><\/p><ul><li>Hasta 2.430 msnm<\/li><\/ul><p><strong>\u23f3 Duraci\u00f3n del tour<\/strong><\/p><ul><li>Full Day<\/li><\/ul><p><strong>\u23f0 Horario del Tour<\/strong><\/p><ul><li>Desde las 5:20 am\u00a0 hasta 8:30 pm<\/li><\/ul>\t\t\t\t\t\t\t\t<\/div>\n\t\t\t\t<\/div>\n\t\t\t\t<div class=\"elementor-element elementor-element-0330155 elementor-widget elementor-widget-image\" data-id=\"0330155\" data-element_type=\"widget\" data-widget_type=\"image.default\">\n\t\t\t\t<div class=\"elementor-widget-container\">\n\t\t\t\t\t\t\t\t\t\t\t\t\t\t\t\t<a href=\"https:\/\/www.gmartravelytours.pe\/g1\/cusco\/\">\n\t\t\t\t\t\t\t<img decoding=\"async\" width=\"70\" height=\"75\" src=\"https:\/\/www.gmartravelytours.pe\/g1\/wp-content\/uploads\/2025\/10\/Flecha-retorno2.jpg\" class=\"attachment-large size-large wp-image-2621\" alt=\"flecha retorno2\" title=\"Cusco Machupicchu Hiram Bingham Full Day\">\t\t\t\t\t\t\t\t<\/a>\n\t\t\t\t\t\t\t\t\t\t\t\t\t\t\t<\/div>\n\t\t\t\t<\/div>\n\t\t\t\t\t<\/div>\n\t\t\t\t<\/div>\n\t\t<div class=\"elementor-element elementor-element-21607a9 e-flex e-con-boxed e-con e-parent\" data-id=\"21607a9\" data-element_type=\"container\">\n\t\t\t\t\t<div class=\"e-con-inner\">\n\t\t\t\t<div class=\"elementor-element elementor-element-e3c5fa5 elementor-widget elementor-widget-heading\" data-id=\"e3c5fa5\" data-element_type=\"widget\" data-widget_type=\"heading.default\">\n\t\t\t\t<div class=\"elementor-widget-container\">\n\t\t\t\t\t<h2 class=\"elementor-heading-title elementor-size-default\">Itinerario<\/h2>\t\t\t\t<\/div>\n\t\t\t\t<\/div>\n\t\t\t\t<div class=\"elementor-element elementor-element-191ec9f elementor-widget elementor-widget-text-editor\" data-id=\"191ec9f\" data-element_type=\"widget\" data-widget_type=\"text-editor.default\">\n\t\t\t\t<div class=\"elementor-widget-container\">\n\t\t\t\t\t\t\t\t\t<p>A la hora previamente acordada, recojo de tu hotel en transporte privado, para dirigirnos a la estaci\u00f3n de tren en Poroy, durante el trayecto podr\u00e1s disfrutar de los bocadillos que estar\u00e1n a tu disposici\u00f3n, agua mineral y pa\u00f1os h\u00famedos para refrescarte. Al llegar a la estaci\u00f3n de tren, disfruta del show de bienvenida antes de abordar el lujoso y exclusivo tren Hiram Bingham, con destino a la maravilla mundial Machu Picchu. Inicia esta experiencia con un c\u00f3ctel de bienvenida para despu\u00e9s disfrutar de un brunch y un almuerzo gourmet durante el trayecto de ida, podr\u00e1s acompa\u00f1ar con una selecci\u00f3n de vinos exclusiva para ti, adem\u00e1s de m\u00fasica al ritmo de caj\u00f3n peruano que pondr\u00e1 el toque alegre. <br \/>Despu\u00e9s de 4 horas de viaje desde Cusco, llegar\u00e1s a la estaci\u00f3n de tren en Aguas Calientes; abordar\u00e1s el transporte privado hasta la puerta de ingreso de Machu Picchu, lugar en donde el gu\u00eda privado estar\u00e1 esperando para continuar con la visita guiada exclusiva a la ciudadela de Machu Picchu. Al finalizar disfrutaras de un \u201cTe time\u201d exclusivo, a la hora indicada, abordaremos el exclusivo tren Hiram Bingham de Aguas Calientes con destino a Poroy y luego en transporte privado hasta Cusco.<\/p>\t\t\t\t\t\t\t\t<\/div>\n\t\t\t\t<\/div>\n\t\t\t\t<div class=\"elementor-element elementor-element-20982d4 elementor-widget elementor-widget-image\" data-id=\"20982d4\" data-element_type=\"widget\" data-widget_type=\"image.default\">\n\t\t\t\t<div class=\"elementor-widget-container\">\n\t\t\t\t\t\t\t\t\t\t\t\t\t\t\t\t<a href=\"https:\/\/www.gmartravelytours.pe\/g1\/cusco\/\">\n\t\t\t\t\t\t\t<img decoding=\"async\" width=\"70\" height=\"75\" src=\"https:\/\/www.gmartravelytours.pe\/g1\/wp-content\/uploads\/2025\/10\/Flecha-retorno2.jpg\" class=\"attachment-large size-large wp-image-2621\" alt=\"flecha retorno2\" title=\"Cusco Machupicchu Hiram Bingham Full Day\">\t\t\t\t\t\t\t\t<\/a>\n\t\t\t\t\t\t\t\t\t\t\t\t\t\t\t<\/div>\n\t\t\t\t<\/div>\n\t\t\t\t\t<\/div>\n\t\t\t\t<\/div>\n\t\t<div class=\"elementor-element elementor-element-17d04a5 e-flex e-con-boxed e-con e-parent\" data-id=\"17d04a5\" data-element_type=\"container\">\n\t\t\t\t\t<div class=\"e-con-inner\">\n\t\t<div class=\"elementor-element elementor-element-002f978 e-con-full e-flex e-con e-child\" data-id=\"002f978\" data-element_type=\"container\">\n\t\t\t\t<div class=\"elementor-element elementor-element-544d976 elementor-widget elementor-widget-text-editor\" data-id=\"544d976\" data-element_type=\"widget\" data-widget_type=\"text-editor.default\">\n\t\t\t\t<div class=\"elementor-widget-container\">\n\t\t\t\t\t\t\t\t\t<p><!--StartFragment --><\/p><p><b><img decoding=\"async\" class=\"emoji\" role=\"img\" draggable=\"false\" src=\"https:\/\/s.w.org\/images\/core\/emoji\/16.0.1\/svg\/2705.svg\" alt=\"\u2705\" title=\"Cusco Machupicchu Hiram Bingham Full Day\"> INCLUYE:<\/b><\/p><ul><li><img decoding=\"async\" class=\"emoji\" role=\"img\" draggable=\"false\" src=\"https:\/\/s.w.org\/images\/core\/emoji\/16.0.1\/svg\/1f690.svg\" alt=\"\ud83d\ude90\" title=\"Cusco Machupicchu Hiram Bingham Full Day\"> <strong>Transporte privado<\/strong> Cusco \u2013 Poroy \u2013 Cusco<\/li><li><img decoding=\"async\" class=\"emoji\" role=\"img\" draggable=\"false\" src=\"https:\/\/s.w.org\/images\/core\/emoji\/16.0.1\/svg\/1f5e3.svg\" alt=\"\ud83d\udde3\ufe0f\" title=\"Cusco Machupicchu Hiram Bingham Full Day\"> <strong>Gu\u00eda biling\u00fce<\/strong> (ingl\u00e9s \u2013 espa\u00f1ol)<\/li><li><img decoding=\"async\" class=\"emoji\" role=\"img\" draggable=\"false\" src=\"https:\/\/s.w.org\/images\/core\/emoji\/16.0.1\/svg\/1f686.svg\" alt=\"\ud83d\ude86\" title=\"Cusco Machupicchu Hiram Bingham Full Day\"> <strong>Tren ida y vuelta<\/strong> Hiram Bingham<\/li><li><img decoding=\"async\" class=\"emoji\" role=\"img\" draggable=\"false\" src=\"https:\/\/s.w.org\/images\/core\/emoji\/16.0.1\/svg\/1f68c.svg\" alt=\"\ud83d\ude8c\" title=\"Cusco Machupicchu Hiram Bingham Full Day\"> <strong>Transporte subida\/bajada<\/strong> CONSETTUR<\/li><li><img decoding=\"async\" class=\"emoji\" role=\"img\" draggable=\"false\" src=\"https:\/\/s.w.org\/images\/core\/emoji\/16.0.1\/svg\/1f198.svg\" alt=\"\ud83c\udd98\" title=\"Cusco Machupicchu Hiram Bingham Full Day\"> <strong>Asistencia personalizada<\/strong><\/li><li><img decoding=\"async\" class=\"emoji\" role=\"img\" draggable=\"false\" src=\"https:\/\/s.w.org\/images\/core\/emoji\/16.0.1\/svg\/1f39f.svg\" alt=\"\ud83c\udf9f\ufe0f\" title=\"Cusco Machupicchu Hiram Bingham Full Day\"> <strong>Entrada a Machupicchu<\/strong><\/li><\/ul><p><b><img decoding=\"async\" class=\"emoji\" role=\"img\" draggable=\"false\" src=\"https:\/\/s.w.org\/images\/core\/emoji\/16.0.1\/svg\/1f392.svg\" alt=\"\ud83c\udf92\" title=\"Cusco Machupicchu Hiram Bingham Full Day\"> RECOMENDACIONES:<\/b><\/p><ul><li><img decoding=\"async\" class=\"emoji\" role=\"img\" draggable=\"false\" src=\"https:\/\/s.w.org\/images\/core\/emoji\/16.0.1\/svg\/1f31e.svg\" alt=\"\ud83c\udf1e\" title=\"Cusco Machupicchu Hiram Bingham Full Day\"> <strong>Protector solar<\/strong><\/li><li><img decoding=\"async\" class=\"emoji\" role=\"img\" draggable=\"false\" src=\"https:\/\/s.w.org\/images\/core\/emoji\/16.0.1\/svg\/1f327.svg\" alt=\"\ud83c\udf27\ufe0f\" title=\"Cusco Machupicchu Hiram Bingham Full Day\"> <strong>Poncho para la lluvia<\/strong><\/li><li><img decoding=\"async\" class=\"emoji\" role=\"img\" draggable=\"false\" src=\"https:\/\/s.w.org\/images\/core\/emoji\/16.0.1\/svg\/1f9e2.svg\" alt=\"\ud83e\udde2\" title=\"Cusco Machupicchu Hiram Bingham Full Day\"> <strong>Sombrero, gorra, guantes, gafas de sol<\/strong><\/li><li><img decoding=\"async\" class=\"emoji\" role=\"img\" draggable=\"false\" src=\"https:\/\/s.w.org\/images\/core\/emoji\/16.0.1\/svg\/1f4a7.svg\" alt=\"\ud83d\udca7\" title=\"Cusco Machupicchu Hiram Bingham Full Day\"> <strong>Botella de agua<\/strong><\/li><li><img decoding=\"async\" class=\"emoji\" role=\"img\" draggable=\"false\" src=\"https:\/\/s.w.org\/images\/core\/emoji\/16.0.1\/svg\/1f4f8.svg\" alt=\"\ud83d\udcf8\" title=\"Cusco Machupicchu Hiram Bingham Full Day\"> <strong>C\u00e1mara fotogr\u00e1fica<\/strong><\/li><li><img decoding=\"async\" class=\"emoji\" role=\"img\" draggable=\"false\" src=\"https:\/\/s.w.org\/images\/core\/emoji\/16.0.1\/svg\/1f455.svg\" alt=\"\ud83d\udc55\" title=\"Cusco Machupicchu Hiram Bingham Full Day\"><img decoding=\"async\" class=\"emoji\" role=\"img\" draggable=\"false\" src=\"https:\/\/s.w.org\/images\/core\/emoji\/16.0.1\/svg\/1f9e5.svg\" alt=\"\ud83e\udde5\" title=\"Cusco Machupicchu Hiram Bingham Full Day\"> <strong>Ropa ligera y abrigada<\/strong><\/li><li><img decoding=\"async\" class=\"emoji\" role=\"img\" draggable=\"false\" src=\"https:\/\/s.w.org\/images\/core\/emoji\/16.0.1\/svg\/1faaa.svg\" alt=\"\ud83e\udeaa\" title=\"Cusco Machupicchu Hiram Bingham Full Day\"> <strong>Documentaci\u00f3n<\/strong> (DNI o pasaporte)<\/li><li><img decoding=\"async\" class=\"emoji\" role=\"img\" draggable=\"false\" src=\"https:\/\/s.w.org\/images\/core\/emoji\/16.0.1\/svg\/1f4b5.svg\" alt=\"\ud83d\udcb5\" title=\"Cusco Machupicchu Hiram Bingham Full Day\"> <strong>Llevar moneda local<\/strong><\/li><\/ul><p><!--EndFragment --><\/p>\t\t\t\t\t\t\t\t<\/div>\n\t\t\t\t<\/div>\n\t\t\t\t<div class=\"elementor-element elementor-element-9e00de7 elementor-widget elementor-widget-image\" data-id=\"9e00de7\" data-element_type=\"widget\" data-widget_type=\"image.default\">\n\t\t\t\t<div class=\"elementor-widget-container\">\n\t\t\t\t\t\t\t\t\t\t\t\t\t\t\t\t<a href=\"https:\/\/www.gmartravelytours.pe\/g1\/cusco\/\">\n\t\t\t\t\t\t\t<img decoding=\"async\" width=\"70\" height=\"75\" src=\"https:\/\/www.gmartravelytours.pe\/g1\/wp-content\/uploads\/2025\/10\/Flecha-retorno2.jpg\" class=\"attachment-large size-large wp-image-2621\" alt=\"flecha retorno2\" title=\"Cusco Machupicchu Hiram Bingham Full Day\">\t\t\t\t\t\t\t\t<\/a>\n\t\t\t\t\t\t\t\t\t\t\t\t\t\t\t<\/div>\n\t\t\t\t<\/div>\n\t\t\t\t<\/div>\n\t\t\t\t\t<\/div>\n\t\t\t\t<\/div>\n\t\t<div class=\"elementor-element elementor-element-e23e3a0 e-flex e-con-boxed e-con e-parent\" data-id=\"e23e3a0\" data-element_type=\"container\">\n\t\t\t\t\t<div class=\"e-con-inner\">\n\t\t\t\t<div class=\"elementor-element elementor-element-0fd1bd5 elementor-widget elementor-widget-heading\" data-id=\"0fd1bd5\" data-element_type=\"widget\" data-widget_type=\"heading.default\">\n\t\t\t\t<div class=\"elementor-widget-container\">\n\t\t\t\t\t<h2 class=\"elementor-heading-title elementor-size-default\">Importante<\/h2>\t\t\t\t<\/div>\n\t\t\t\t<\/div>\n\t\t\t\t<div class=\"elementor-element elementor-element-00ed83c elementor-widget elementor-widget-text-editor\" data-id=\"00ed83c\" data-element_type=\"widget\" data-widget_type=\"text-editor.default\">\n\t\t\t\t<div class=\"elementor-widget-container\">\n\t\t\t\t\t\t\t\t\t<p>\ud83d\udeab <strong>Normas importantes durante tu visita<\/strong><br \/>Por respeto al entorno y para garantizar una experiencia segura, ten en cuenta lo siguiente:<\/p><ul><li>\ud83c\udf92 <strong>No se permite mochilas grandes<\/strong> (m\u00e1x. 40x35x20 cm)<\/li><li>\ud83d\udcf5 <strong>Prohibido<\/strong>: palos de selfie, drones, tr\u00edpodes y altavoces<\/li><li>\ud83d\uddd1\ufe0f <strong>No tirar basura ni da\u00f1ar el entorno<\/strong> natural o arqueol\u00f3gico<\/li><li>\ud83d\udead <strong>No comer ni fumar<\/strong> dentro del recinto<\/li><li>\ud83d\udebb <strong>Usar solo los ba\u00f1os exteriores<\/strong> (no hay dentro del santuario)<\/li><li>\ud83e\uddf1 <strong>No subirse, apoyarse ni tocar<\/strong> muros o estructuras<\/li><li>\ud83e\udd2b <strong>Mantener el silencio y el respeto<\/strong> por el car\u00e1cter sagrado del lugar<\/li><li>\ud83e\udded <strong>Seguir solo el circuito autorizad<\/strong><\/li><\/ul><p><!--EndFragment --><\/p>\t\t\t\t\t\t\t\t<\/div>\n\t\t\t\t<\/div>\n\t\t\t\t<div class=\"elementor-element elementor-element-9ae7bba elementor-widget elementor-widget-image\" data-id=\"9ae7bba\" data-element_type=\"widget\" data-widget_type=\"image.default\">\n\t\t\t\t<div class=\"elementor-widget-container\">\n\t\t\t\t\t\t\t\t\t\t\t\t\t\t\t\t<a href=\"https:\/\/www.gmartravelytours.pe\/g1\/cusco\/\">\n\t\t\t\t\t\t\t<img decoding=\"async\" width=\"70\" height=\"75\" src=\"https:\/\/www.gmartravelytours.pe\/g1\/wp-content\/uploads\/2025\/10\/Flecha-retorno2.jpg\" class=\"attachment-large size-large wp-image-2621\" alt=\"flecha retorno2\" title=\"Cusco Machupicchu Hiram Bingham Full Day\">\t\t\t\t\t\t\t\t<\/a>\n\t\t\t\t\t\t\t\t\t\t\t\t\t\t\t<\/div>\n\t\t\t\t<\/div>\n\t\t\t\t\t<\/div>\n\t\t\t\t<\/div>\n\t\t<div class=\"elementor-element elementor-element-da8bce5 e-flex e-con-boxed e-con e-parent\" data-id=\"da8bce5\" data-element_type=\"container\">\n\t\t\t\t\t<div class=\"e-con-inner\">\n\t\t\t\t<div class=\"elementor-element elementor-element-4428e08 elementor-widget elementor-widget-heading\" data-id=\"4428e08\" data-element_type=\"widget\" data-widget_type=\"heading.default\">\n\t\t\t\t<div class=\"elementor-widget-container\">\n\t\t\t\t\t<h2 class=\"elementor-heading-title elementor-size-default\">Recomendaciones<\/h2>\t\t\t\t<\/div>\n\t\t\t\t<\/div>\n\t\t\t\t<div class=\"elementor-element elementor-element-ef87943 elementor-widget elementor-widget-text-editor\" data-id=\"ef87943\" data-element_type=\"widget\" data-widget_type=\"text-editor.default\">\n\t\t\t\t<div class=\"elementor-widget-container\">\n\t\t\t\t\t\t\t\t\t<p><img decoding=\"async\" class=\"emoji\" title=\"Mmachupicchu clase Turista\" role=\"img\" draggable=\"false\" src=\"https:\/\/s.w.org\/images\/core\/emoji\/16.0.1\/svg\/1f9f3.svg\" alt=\"\ud83e\uddf3\" \/>\u00a0<strong>\u00bfQu\u00e9 llevar para tu pr\u00f3xima aventura?<\/strong><br \/>\u00a0 \u00a0 \u00a0 Prep\u00e1rate para disfrutar al m\u00e1ximo con estos esenciales:<\/p><ul><li>\ud83e\udde5 Llevar ropa abrigadora<\/li><li>\ud83d\udc5f Usar calzado c\u00f3modo<\/li><li>\ud83d\udca7 Hidratarse bien<\/li><li>\u2600\ufe0f Protegerse del sol<\/li><li>\ud83d\udc22 Caminar despacio por la altura<\/li><\/ul><p><!--EndFragment --><\/p>\t\t\t\t\t\t\t\t<\/div>\n\t\t\t\t<\/div>\n\t\t\t\t<div class=\"elementor-element elementor-element-576f09d elementor-widget elementor-widget-image\" data-id=\"576f09d\" data-element_type=\"widget\" data-widget_type=\"image.default\">\n\t\t\t\t<div class=\"elementor-widget-container\">\n\t\t\t\t\t\t\t\t\t\t\t\t\t\t\t\t<a href=\"https:\/\/www.gmartravelytours.pe\/g1\/cusco\/\">\n\t\t\t\t\t\t\t<img decoding=\"async\" width=\"70\" height=\"75\" src=\"https:\/\/www.gmartravelytours.pe\/g1\/wp-content\/uploads\/2025\/10\/Flecha-retorno2.jpg\" class=\"attachment-large size-large wp-image-2621\" alt=\"flecha retorno2\" title=\"Cusco Machupicchu Hiram Bingham Full Day\">\t\t\t\t\t\t\t\t<\/a>\n\t\t\t\t\t\t\t\t\t\t\t\t\t\t\t<\/div>\n\t\t\t\t<\/div>\n\t\t\t\t\t<\/div>\n\t\t\t\t<\/div>\n\t\t\t\t<\/div>\n\t\t","protected":false},"excerpt":{"rendered":"<p>Machupicchu Tren Hiram Bingham Full Day El tour de d\u00eda completo a Machu Picchu en el tren de lujo Hiram Bingham es una experiencia exclusiva que combina un viaje panor\u00e1mico en un tren de estilo cl\u00e1sico con una visita guiada a la ciudadela inca. El servicio, operado por Belmond y PeruRail, destaca por su atenci\u00f3n [&hellip;]<\/p>\n","protected":false},"author":1,"featured_media":0,"parent":0,"menu_order":0,"comment_status":"closed","ping_status":"closed","template":"elementor_header_footer","meta":{"site-sidebar-layout":"no-sidebar","site-content-layout":"page-builder","ast-site-content-layout":"full-width-container","site-content-style":"default","site-sidebar-style":"default","ast-global-header-display":"","ast-banner-title-visibility":"","ast-main-header-display":"","ast-hfb-above-header-display":"","ast-hfb-below-header-display":"","ast-hfb-mobile-header-display":"","site-post-title":"","ast-breadcrumbs-content":"","ast-featured-img":"disabled","footer-sml-layout":"","theme-transparent-header-meta":"","adv-header-id-meta":"","stick-header-meta":"","header-above-stick-meta":"","header-main-stick-meta":"","header-below-stick-meta":"","astra-migrate-meta-layouts":"set","ast-page-background-enabled":"default","ast-page-background-meta":{"desktop":{"background-color":"var(--ast-global-color-4)","background-image":"","background-repeat":"repeat","background-position":"center center","background-size":"auto","background-attachment":"scroll","background-type":"","background-media":"","overlay-type":"","overlay-color":"","overlay-opacity":"","overlay-gradient":""},"tablet":{"background-color":"","background-image":"","background-repeat":"repeat","background-position":"center center","background-size":"auto","background-attachment":"scroll","background-type":"","background-media":"","overlay-type":"","overlay-color":"","overlay-opacity":"","overlay-gradient":""},"mobile":{"background-color":"","background-image":"","background-repeat":"repeat","background-position":"center center","background-size":"auto","background-attachment":"scroll","background-type":"","background-media":"","overlay-type":"","overlay-color":"","overlay-opacity":"","overlay-gradient":""}},"ast-content-background-meta":{"desktop":{"background-color":"var(--ast-global-color-5)","background-image":"","background-repeat":"repeat","background-position":"center center","background-size":"auto","background-attachment":"scroll","background-type":"","background-media":"","overlay-type":"","overlay-color":"","overlay-opacity":"","overlay-gradient":""},"tablet":{"background-color":"var(--ast-global-color-5)","background-image":"","background-repeat":"repeat","background-position":"center center","background-size":"auto","background-attachment":"scroll","background-type":"","background-media":"","overlay-type":"","overlay-color":"","overlay-opacity":"","overlay-gradient":""},"mobile":{"background-color":"var(--ast-global-color-5)","background-image":"","background-repeat":"repeat","background-position":"center center","background-size":"auto","background-attachment":"scroll","background-type":"","background-media":"","overlay-type":"","overlay-color":"","overlay-opacity":"","overlay-gradient":""}},"footnotes":""},"class_list":["post-2607","page","type-page","status-publish","hentry"],"_links":{"self":[{"href":"https:\/\/www.gmartravelytours.pe\/g1\/wp-json\/wp\/v2\/pages\/2607","targetHints":{"allow":["GET"]}}],"collection":[{"href":"https:\/\/www.gmartravelytours.pe\/g1\/wp-json\/wp\/v2\/pages"}],"about":[{"href":"https:\/\/www.gmartravelytours.pe\/g1\/wp-json\/wp\/v2\/types\/page"}],"author":[{"embeddable":true,"href":"https:\/\/www.gmartravelytours.pe\/g1\/wp-json\/wp\/v2\/users\/1"}],"replies":[{"embeddable":true,"href":"https:\/\/www.gmartravelytours.pe\/g1\/wp-json\/wp\/v2\/comments?post=2607"}],"version-history":[{"count":11,"href":"https:\/\/www.gmartravelytours.pe\/g1\/wp-json\/wp\/v2\/pages\/2607\/revisions"}],"predecessor-version":[{"id":2640,"href":"https:\/\/www.gmartravelytours.pe\/g1\/wp-json\/wp\/v2\/pages\/2607\/revisions\/2640"}],"wp:attachment":[{"href":"https:\/\/www.gmartravelytours.pe\/g1\/wp-json\/wp\/v2\/media?parent=2607"}],"curies":[{"name":"wp","href":"https:\/\/api.w.org\/{rel}","templated":true}]}}